{"id":863,"date":"2016-03-12T20:19:06","date_gmt":"2016-03-12T18:19:06","guid":{"rendered":"http:\/\/bimy.org.tr\/bimy24\/?page_id=863"},"modified":"2017-03-24T13:00:34","modified_gmt":"2017-03-24T10:00:34","slug":"gecmis-etkinlikler","status":"publish","type":"page","link":"https:\/\/www.bimy.org.tr\/bimy24\/gecmis-etkinlikler\/","title":{"rendered":"Ge\u00e7mi\u015f Etkinlikler"},"content":{"rendered":"<p><a href=\"http:\/\/bimy.org.tr\/bimy23\">TBD B\u0130MY&#8217;23<\/a><\/p>\n<p><a href=\"http:\/\/bimy.org.tr\/bimy22\" target=\"_blank\">TBD B\u0130MY&#8217;22<\/a><\/p>\n<p><a href=\"http:\/\/bimy.org.tr\/bimy21\" target=\"_blank\">TBD B\u0130MY&#8217;21<\/a><\/p>\n<p><a href=\"http:\/\/bimy.org.tr\/bimy20\" target=\"_blank\">TBD B\u0130MY&#8217;20<\/a><\/p>\n<p><a href=\"http:\/\/bimy.org.tr\/bimy19\" target=\"_blank\">TBD BMY&#8217;19<\/a><\/p>\n<p><a href=\"http:\/\/bimy.org.tr\/bimy18\" target=\"_blank\">TBD BMY&#8217;18<\/a><\/p>\n<p><a href=\"http:\/\/bimy.org.tr\/bimy17\" target=\"_blank\">TBD BMY&#8217;17<\/a><\/p>\n<p><a href=\"http:\/\/www.tbd.org.tr\/index.php?sayfa=calismalar&amp;c2=67&amp;mi=3\" target=\"_blank\">TBD B\u0130MY Etkinliklerine ait di\u011fer ayr\u0131nt\u0131l\u0131 g\u00f6rseller, bilgiler <\/a><\/p>\n<p>&nbsp;<\/p>\n","protected":false},"excerpt":{"rendered":"<p>TBD B\u0130MY&#8217;23 TBD B\u0130MY&#8217;22 TBD B\u0130MY&#8217;21 TBD B\u0130MY&#8217;20 TBD BMY&#8217;19 TBD BMY&#8217;18 TBD BMY&#8217;17 TBD B\u0130MY Etkinliklerine ait di\u011fer ayr\u0131nt\u0131l\u0131 g\u00f6rseller, bilgiler &nbsp;<\/p>\n","protected":false},"author":2,"featured_media":0,"parent":0,"menu_order":0,"comment_status":"closed","ping_status":"closed","template":"","meta":{"rs_blank_template":"","rs_page_bg_color":"","slide_template_v7":"","footnotes":""},"_links":{"self":[{"href":"https:\/\/www.bimy.org.tr\/bimy24\/wp-json\/wp\/v2\/pages\/863"}],"collection":[{"href":"https:\/\/www.bimy.org.tr\/bimy24\/wp-json\/wp\/v2\/pages"}],"about":[{"href":"https:\/\/www.bimy.org.tr\/bimy24\/wp-json\/wp\/v2\/types\/page"}],"author":[{"embeddable":true,"href":"https:\/\/www.bimy.org.tr\/bimy24\/wp-json\/wp\/v2\/users\/2"}],"replies":[{"embeddable":true,"href":"https:\/\/www.bimy.org.tr\/bimy24\/wp-json\/wp\/v2\/comments?post=863"}],"version-history":[{"count":9,"href":"https:\/\/www.bimy.org.tr\/bimy24\/wp-json\/wp\/v2\/pages\/863\/revisions"}],"predecessor-version":[{"id":1433,"href":"https:\/\/www.bimy.org.tr\/bimy24\/wp-json\/wp\/v2\/pages\/863\/revisions\/1433"}],"wp:attachment":[{"href":"https:\/\/www.bimy.org.tr\/bimy24\/wp-json\/wp\/v2\/media?parent=863"}],"curies":[{"name":"wp","href":"https:\/\/api.w.org\/{rel}","templated":true}]}}